e highest common divisor of p and 99?
9
Let w(k) = -k**2 + 7*k + 3. Let h be w(6). Suppose -b = 6*r - 5*r - 8, 36 = 5*b + 3*r. Calculate the greatest common divisor of b and h.
3
Let l be (-4)/(-10) + (-292)/(-20). Suppose -254 - 456 = -5*s + 5*a, 0 = -3*s + 5*a + 424. Let j = 278 - s. What is the highest common factor of l and j?
15
Suppose 993 = 2*l - 5*x, -1353 = -4*l + 5*x + 608. Calculate the highest common divisor of 176 and l.
44
Suppose -v - 818 = -856. What is the greatest common factor of v and 209?
19
Suppose -20*v + 122 = -598. Calculate the greatest common divisor of 192 and v.
12
Suppose -191 - 61 = -3*v. Let k = v + -66. What is the highest common factor of 9 and k?
9
Let q(r) = 8*r + 7. Let z be q(1). Let j(y) = y**2 - 15*y + 4. Let m be j(z). Let n(b) = 5*b - 2. Let l be n(2). Calculate the highest common factor of l and m.
4
Let p(q) = -4*q - 20. Let b be p(-13). Let f be 3/24 - (-92)/b. What is the greatest common factor of 3 and f?
3
Let d = 2577 - 1802. What is the greatest common factor of 25 and d?
25
Let k = -26 - -61. Suppose 14*g = -1265 + 369. Let c = g - -78. Calculate the highest common factor of k and c.
7
Suppose -4*c + 768 = 2*m, 621 = 5*c - 5*m - 339. What is the highest common factor of 72 and c?
24
Let a be -4*3/(-8)*(-10)/(-3). Suppose 0*v + a*v - 165 = 0. Calculate the highest common factor of v and 3.
3
Let y be (11/(-2))/((-2)/4). Let b(r) = r**2 + 8*r + 8. Let k be b(-7). What is the highest common factor of k and y?
1
Let l = -13 - -19. Let a = 1983 + -1979. What is the greatest common factor of l and a?
2
Let b be ((-4)/(-5))/(3/30). Let s be 2 - (-3 + 635/(-5)). Suppose -2*x + 29 = 5*f - s, -5*f - 103 = -x. Calculate the greatest common factor of b and x.
8
Suppose 11 = 4*c - 5. Let m(w) be the second derivative of w**3/3 - 3*w. Let v be m(c). Calculate the greatest common divisor of 40 and v.
8
Let j = -13 + 22. Let n(x) = x - 5. Let s be n(j). Let w be 112/12 - s/(-6). What is the highest common factor of 40 and w?
10
Suppose 3*y + 5*t - 56 - 17 = 0, 3*y - 57 = 3*t. Suppose -3 + y = -3*w. Let q be (-506)/w - (-2)/3. Calculate the greatest common divisor of q and 34.
17
Suppose 35*r - 7140 = 31*r. Suppose -6*c = -c - r. What is the greatest common factor of c and 51?
51
Suppose -220*i - 76 = -224*i. Let d = 527 + -356. What is the greatest common factor of d and i?
19
Suppose -12 = -4*t, o = -25*t + 21*t + 75. What is the greatest common divisor of 42 and o?
21
Let x(k) = -k**2 - 6*k - 8. Let f be x(-7). Let c(t) = -t - 3. Let r be c(f). What is the greatest common factor of 12 and r?
12
Let z = -6 + 16. Let j be (-60)/8*(0 - z). Let b be 274/18 + 2/(-9). What is the highest common factor of j and b?
15
Suppose 0 = 2*k - 2*g - 762 + 72, k = -3*g + 345. Calculate the highest common divisor of k and 15.
15
Let o be (-15)/(-5) + -1 + -4 - -100. What is the greatest common divisor of 28 and o?
14
Let h(m) = -m**3 + 8*m**2 - 6*m - 23. Let w be h(5). What is the highest common factor of 748 and w?
22
Suppose -21 = -4*n - 4*p + 15, -9 = -3*p. Suppose 32 = f + n. What is the greatest common factor of f and 78?
26
Suppose -x = -2*l - 86, -2*l + 22 + 312 = 4*x. Calculate the greatest common factor of x and 1932.
84
Let u(h) = h**2 - h. Let k be u(4). Suppose 2*f + 1 = -3*y - 8, 0 = -3*f - 3*y - 6. Calculate the greatest common factor of f and k.
3
Let d(z) = -18*z + 248. Let f be d(8). Calculate the highest common divisor of 364 and f.
52
Let p = 131 - 19. Calculate the greatest common divisor of p and 14.
14
Suppose 0 = 5*q - 6436 + 4676. Calculate the highest common factor of 88 and q.
88
Let k = 687 + -675. Calculate the highest common factor of k and 76.
4
Let h be (-6)/1*(-1 - 10). Suppose 0 = 4*s - 5*u - 61, -1 = 2*u + 9. Let c = s + -3. What is the greatest common divisor of h and c?
6
Let f = 85 + -117. Let r be 2*1 - (-51 - f). Suppose 0 = -3*w + 7 + 2. What is the greatest common factor of r and w?
3
Let x(u) = -16*u + 89. Let h be x(-22). What is the highest common factor of 315 and h?
63
Let u = 13 - -30. Suppose 11 + u = 3*s. Suppose 5*f = 9*f - 360. Calculate the greatest common factor of f and s.
18
Let p(b) = b + 11. Let j be p(-10). Let s be -12*(105/(-4))/j. Suppose -3*o + 6*o = s. Calculate the highest common factor of o and 15.
15
Suppose -7*z = -12*z - 145. Let l = z + 15. Let y be (l/5)/(3/(-15)). What is the highest common divisor of 28 and y?
14
Let j(w) = -w**3 + w**2 + 10*w + 6. Let n be j(-4). Suppose 2*a - 43 = d, 2*a + 4*d = -0*a + 58. Calculate the greatest common factor of a and n.
23
Let s(z) = 18*z - 171. Let c be s(14). Suppose q = 5*q + x - 213, -4*q = 4*x - 204. Calculate the highest common divisor of c and q.
27
Let t(y) be the first derivative of y**2/2 + 8*y + 1. Let a be t(-4). Let i = 12 + a. What is the highest common divisor of i and 2?
2
Suppose -2*n + j = -107, 9*j - 5 = 4*j. What is the highest common divisor of n and 12?
6
Suppose 0 = 13*f - 11*f - 456. Suppose 4*m = 4*i - f, i - 24 = -5*m + 27. What is the highest common factor of i and 8?
8
Let m be (75/10)/((6/(-4))/(-1)). Let u be m + 9 + 4 - 5. Calculate the greatest common factor of 39 and u.
13
Let q = -634 - -648. Let t = 3 + 0. Let f be 1*8 - (-2 + t). What is the greatest common factor of f and q?
7
Suppose 0 = g - 17 - 63. What is the highest common divisor of g and 20?
20
Suppose n - 5*s = -n + 1759, 0 = 3*s + 15. What is the greatest common factor of 102 and n?
51
Let t(g) = g**3 - 5*g**2 + 2*g + 6. Let a be t(5). Let x = 61 - 93. Let v be x*-8*2/4. Calculate the greatest common divisor of a and v.
16
Let o = -1 + 17. Let v(a) = -a + 18. Let g be v(o). Suppose -g*t + 60 = -5*h, -29 = -2*t + 4*h + 33. Calculate the greatest common divisor of 7 and t.
7
Suppose 56 = 8*n + 160. Let s be (117/27)/n + 98/6. Calculate the highest common divisor of 8 and s.
8
Let d be (94/282)/((-2)/(-186)). Let w be 3/15 - (-18)/10. Let u be (-375)/(-12) + w/(-8). Calculate the highest common factor of u and d.
31
Let a = 501 + -435. Calculate the highest common divisor of a and 209.
11
Suppose 2*h + 2 = 10. Suppose h - 46 = -2*u. What is the highest common factor of u and 14?
7
Suppose 5*d - 7*d + x = -2663, 0 = 5*d + 2*x - 6671. What is the highest common divisor of d and 31?
31
Suppose 0 = 71*u + 316 - 3724. Calculate the greatest common factor of u and 496.
16
Let g(h) = h**3 - 8*h**2 + 5*h - 2. Let y(n) = 1. Let f(o) = -g(o) + 2*y(o). Let v be f(3). Calculate the greatest common factor of 17 and v.
17
Suppose 8*o = 10*o - 270. Suppose m = -2*d + 57, -5*d - 5*m = -0*d - o. Let v be (36/d)/((-3)/(-20)). Calculate the greatest common factor of v and 56.
8
Suppose 3*u = 3*i, -u = -3*i + 3*u - 4. Let c be 3/6*6*16. Let h be 6*i/32*c. Calculate the highest common factor of 9 and h.
9
Let q(n) = -n**2 - n + 1. Let i be q(2). Let m(k) = 2*k**2 + 4*k - 12. Let s be m(i). What is the greatest common factor of s and 144?
18
Suppose -30*m + 1216 = 8*m. What is the greatest common divisor of 272 and m?
16
Let m be (-3 - (2 - 2))*-6. Let o = -765 - -756. Let k be ((-6)/o)/(12/m). What is the greatest common divisor of 6 and k?
1
Suppose 5*p - 552 = -2*d + p, 0 = 5*d - 2*p - 1332. Let m = d + -191. Calculate the highest common divisor of m and 11.
11
Suppose -5*p + 3600 = -4*y, 3*y = -5*p + 107 + 3493. Calculate the highest common divisor of p and 15.
15
Let o = 149 - -403. Calculate the greatest common divisor of 24 and o.
24
Let w(m) = 5 + 5*m**2 - m**2 + 2*m**2 - 3*m**2 + 2*m. Let f be w(-2). Calculate the greatest common divisor of 13 and f.
13
Let t(y) = y**3 - 11*y**2 + 9*y + 14. Let j be t(10). Let b be 0/(j + 0) - -4. What is the highest common factor of b and 2?
2
Suppose 5*w = -0*w. Suppose w = 18*y - 816 - 372. Calculate the highest common factor of 44 and y.
22
Suppose 3*l - 7 + 10 = 0. Let w(f) = 3*f - 5. Let v be w(5). Let y be (28/v)/(l/(-40)). What is the greatest common divisor of 16 and y?
16
Let h(j) = j + 26. Let d be h(42). Calculate the highest common divisor of 2176 and d.
68
Suppose 6*h - 11*h + 10 = 0. Let t be (15 - 9)/(4 - h). Suppose -2*u + 108 = -4*g, 3*u - 206 = -u + t*g. Calculate the greatest common factor of 10 and u.
10
Suppose -3*l = -5*x - 172, -3*l + 196 = 3*x - 2*x. What is the highest commo